 base 9
1
What is 1 (base 4) in base 13?
1
Convert -2 (base 9) to base 15.
-2
1001011 (base 2) to base 3
2210
What is -51 (base 11) in base 2?
-111000
-11 (base 6) to base 5
-12
Convert -14 (base 9) to base 4.
-31
What is 3 (base 16) in base 8?
3
What is -7 (base 12) in base 9?
-7
What is 0 (base 8) in base 5?
0
-9 (base 13) to base 11
-9
What is -26 (base 11) in base 16?
-1c
Convert 1002 (base 4) to base 15.
46
What is 1111110 (base 2) in base 16?
7e
Convert 21 (base 11) to base 12.
1b
What is -50 (base 10) in base 12?
-42
Convert 2 (base 7) to base 6.
2
3 (base 15) to base 9
3
-112 (base 4) to base 6
-34
Convert 116 (base 9) to base 14.
6c
102 (base 4) to base 16
12
What is -23 (base 4) in base 3?
-102
Convert -140 (base 6) to base 10.
-60
-56 (base 15) to base 16
-51
Convert 1b (base 14) to base 15.
1a
2 (base 4) to base 8
2
What is -100 (base 2) in base 7?
-4
Convert -12 (base 9) to base 4.
-23
Convert -111 (base 5) to base 7.
-43
-106 (base 10) to base 12
-8a
18 (base 13) to base 11
1a
Convert 10 (base 4) to base 9.
4
What is -25 (base 10) in base 5?
-100
What is -83 (base 9) in base 2?
-1001011
What is 105 (base 16) in base 8?
405
Convert -4b (base 15) to base 11.
-65
Convert -1201 (base 3) to base 2.
-101110
What is 1 (base 13) in base 10?
1
Convert 49 (base 16) to base 6.
201
-11 (base 2) to base 12
-3
-45 (base 9) to base 15
-2b
100111 (base 2) to base 6
103
-211 (base 6) to base 4
-1033
What is -1 (base 16) in base 11?
-1
Convert 11 (base 5) to base 2.
110
-12 (base 7) to base 2
-1001
0 (base 15) to base 2
0
Convert -17 (base 14) to base 9.
-23
What is 20 (base 4) in base 16?
8
What is 3 (base 5) in base 3?
10
What is -1 (base 4) in base 11?
-1
Convert -141 (base 6) to base 15.
-41
Convert -7 (base 8) to base 15.
-7
Convert -14 (base 5) to base 8.
-11
Convert -89 (base 16) to base 11.
-115
-5 (base 15) to base 11
-5
Convert 206 (base 10) to base 7.
413
Convert -52 (base 9) to base 7.
-65
1001000 (base 2) to base 5
242
34 (base 14) to base 4
232
Convert 24 (base 12) to base 2.
11100
3 (base 8) to base 6
3
Convert -5 (base 11) to base 16.
-5
-1 (base 12) to base 5
-1
-20 (base 14) to base 6
-44
55 (base 13) to base 4
1012
What is 1 (base 4) in base 9?
1
Convert 8 (base 9) to base 14.
8
10 (base 3) to base 9
3
Convert 82 (base 15) to base 5.
442
Convert 8 (base 9) to base 12.
8
-1130 (base 4) to base 8
-134
-4b (base 12) to base 2
-111011
Convert -4 (base 7) to base 11.
-4
462 (base 8) to base 15
156
Convert -100 (base 2) to base 7.
-4
Convert 75 (base 14) to base 2.
1100111
What is -1 (base 12) in base 4?
-1
Convert 2 (base 13) to base 15.
2
What is -5 (base 13) in base 9?
-5
-2002 (base 3) to base 6
-132
Convert 6 (base 10) to base 9.
6
Convert 101111 (base 2) to base 16.
2f
-4 (base 6) to base 14
-4
-1 (base 6) to base 7
-1
Convert 4 (base 11) to base 12.
4
Convert 1 (base 16) to base 15.
1
Convert -2 (base 6) to base 5.
-2
What is -2211 (base 3) in base 6?
-204
What is -6 (base 13) in base 5?
-11
Convert 33 (base 5) to base 3.
200
What is 9 (base 15) in base 6?
13
3 (base 4) to base 10
3
What is 16 (base 13) in base 7?
25
Convert -80 (base 11) to base 9.
-107
What is -3 (base 12) in base 10?
-3
Convert 11 (base 11) to base 13.
c
-b (base 15) to base 4
-23
What is 81 (base 11) in base 8?
131
12 (base 6) to base 16
8
Convert -8 (base 15) to base 14.
-8
What is 1 (base 7) in base 16?
1
What is -17 (base 10) in base 9?
-18
Convert 260 (base 8) to base 3.
20112
Convert -10 (base 4) to base 14.
-4
What is -10120 (base 3) in base 9?
-116
11 (base 8) to base 10
9
Convert -298 (base 11) to base 8.
-535
What is -244 (base 10) in base 7?
-466
What is 1 (base 13) in base 9?
1
31 (base 5) to base 10
16
Convert -1 (base 13) to base 4.
-1
What is 15 (base 8) in base 2?
1101
Convert 9 (base 10) to base 13.
9
What is 1023 (base 5) in base 12?
b6
What is 265 (base 9) in base 7?
434
Convert 2 (base 9) to base 3.
2
What is 12 (base 3) in base 5?
10
Convert 7 (base 9) to base 8.
7
What is -10 (base 10) in base 9?
-11
What is -20 (base 3) in base 5?
-11
Convert -1134 (base 5) to base 12.
-121
Convert 1 (base 7) to base 11.
1
Convert -88 (base 14) to base 6.
-320
20 (base 3) to base 7
6
Convert -3 (base 16) to base 14.
-3
-3 (base 15) to base 6
-3
What is 4 (base 16) in base 5?
4
What is -34 (base 13) in base 6?
-111
2214 (base 5) to base 6
1233
1 (base 8) to base 3
1
What is 3 (base 6) in base 2?
11
Convert -9 (base 14) to base 7.
-12
-110 (base 5) to base 2
-11110
What is -9 (base 11) in base 12?
-9
Convert -2200 (base 4) to base 11.
-136
What is 21 (base 9) in base 11?
18
Convert -5 (base 15) to base 3.
-12
What is 19 (base 13) in base 8?
26
Convert -30 (base 5) to base 3.
-120
What is 7 (base 9) in base 2?
111
-5 (base 8) to base 10
-5
Convert -29 (base 10) to base 14.
-21
Convert -104 (base 5) to base 13.
-23
110010 (base 2) to base 3
1212
-135 (base 8) to base 4
-1131
-10 (base 11) to base 13
-b
2 (base 9) to base 15
2
What is 3 (base 15) in base 3?
10
-130 (base 8) to base 11
-80
-9 (base 13) to base 12
-9
Convert -3 (base 10) to base 7.
-3
3 (base 4) to base 16
3
Convert 3 (base 7) to base 13.
3
-2 (base 13) to base 14
-2
What is -10 (base 2) in base 14?
-2
-4 (base 10) to base 13
-4
Convert 4 (base 15) to base 6.
4
What is -81 (base 13) in base 5?
-410
Convert -48 (base 9) to base 14.
-32
-5 (base 9) to base 5
-10
Convert 0 (base 14) to base 16.
0
6 (base 13) to base 16
6
11 (base 7) to base 12
8
-116 (base 7) to base 9
-68
Convert -116 (base 8) to base 12.
-66
-52 (base 11) to base 8
-71
Convert -100 (base 3) to base 2.
-1001
Convert -104 (base 6) to base 7.
-55
What is -3 (base 14) in base 13?
-3
What is 3e (base 16) in base 3?
2022
-1001 (base 2) to base 4
-21
What is -2 (base 7) in base 4?
-2
-100 (base 2) to base 7
-4
-656 (base 7) to base 11
-285
Convert 1 (base 12) to base 15.
1
-6 (base 13) to base 11
-6
-4 (base 15) to base 8
-4
4 (base 14) to base 12
4
What is 30 (base 12) in base 13?
2a
What is -2 (base 8) in base 9?
-2
-3 (base 14) to base 10
-3
-234 (base 8) to base 6
-420
What is 0 (base 6) in base 14?
0
Convert -216 (base 7) to base 16.
-6f
What is -1 (base 8) in base 14?
-1
Convert 0 (base 12) to base 4.
0
2 (base 9) to base 16
2
Convert -2 (base 11) to base 12.
-2
What is 1 (base 15) in base 3?
1
What is 10000 (base 2) in base 8?
20
What is 1223 (base 4) in base 16?
6b
-1 (base 15) to base 9
-1
Convert -2 (base 14) to base 6.
-2
What is 33 (base 6) in base 2?
10101
Convert -505 (base 7) to base 16.
-fa
1 (base 8) to base 6
1
Convert 1 (base 11) to base 9.
1
What is -34 (base 12) in base 5?
-130
1123 (base 4) to base 5
331
Convert 10222 (base 3) to base 4.
1223
Convert 3 (base 14) to base 2.
11
124 (base 5) to base 7
54
Convert -66 (base 7) to base 5.
-143
Convert 21 (base 3) to base 13.
7
Convert 1 (base 9) to base 16.
1
Convert -10 (base 4) to base 16.
-4
What is -151 (base 11) in base 15?
-bc
102022 (base 3) to base 5
2210
Convert a4 (base 13) to base 5.
1014
What is 47 (base 10) in base 13?
38
Convert -1 (base 12) to base 9.
-1
-10110 (base 2) to base 10
-22
What is 220 (base 4) in base 3?
1111
-2 (base 3) to base 14
-2
What is -2 (base 12) in base 10?
-2
48 (base 11) to base 8
64
What is -122 (base 4) in base 3?
-222
-a5 (base 14) to base 15
-9a
Convert 13 (base 6) to base 15.
9
Convert 361 (base 8) to base 3.
22221
Convert 13 (base 5) to base 2.
1000
Convert -53 (base 9) to base 12.
-40
Convert 55 (base 11) to base 3.
2020
Convert -1120 (base 3) to base 5.
-132
-1 (base 2) to base 13
-1
Convert 1020 (base 5) to base 9.
160
5 (base 13) to base 8
5
-110 (base 3) to base 16
-c
What is 9 (base 12) in base 3?
100
Convert 20 (base 4) to base 2.
1000
What is 3 (base 16) in base 3?
10
What is -1b (base 12) in base 3?
-212
What is 1 (base 6) in base 11?
1
What is -24 (base 9) in base 12?
-1a
Convert -24 (base 14) to base 4.
-200
What is 34 (base 7) in base 11?
23
210 (base 4) to base 2
100100
Convert -7 (base 14) to base 16.
-7
What is 13 (base 11) in base 5?
24
47 (base 8) to base 2
100111
What is 14 (base 9) in base 7?
16
What is -1113 (base 4) in base 12?
-73
What is 1100 (base 2) in base 14?
c
Convert -86 (base 16) to base 8.
-206
What is -7 (base 15) in base 2?
-111
Convert -2 (base 12) to base 4.
-2
What is -100 (base 6) i